{"id":1217,"date":"2024-08-27T08:46:46","date_gmt":"2024-08-27T08:46:46","guid":{"rendered":"https:\/\/venturural.phtz.com\/?page_id=1217"},"modified":"2024-08-28T17:11:43","modified_gmt":"2024-08-28T17:11:43","slug":"avi","status":"publish","type":"page","link":"https:\/\/venturural.phtz.com\/?page_id=1217","title":{"rendered":"Aviso Legal"},"content":{"rendered":"<p>El titular de este sitio web <a href=\"http:\/\/www.venturural.phtz.com\">www.venturural.phtz.com<\/a> y prestador de servicios de la sociedad de la informaci\u00f3n es la entidad Planes Hortaleza, S.L. (identificada tambi\u00e9n en este sitio como VentuRural) con domicilio en calle Maria de Portugal, 26 - 6 A, 28050 Madrid, inscrita en el Registro Mercantil de Madrid al Tomo 13.698, Libro 0, Folio 11, Hoja M-223262, Inscripci\u00f3n 1<\/p><p>Asimismo, VentuRural se encuentra inscrita en el Registro de Empresas Tur\u00edsticas de la Comunidad de Madrid con el n\u00famero TR456.<\/p><p>Esta informaci\u00f3n legal se completa con la pol\u00edtica de uso, la pol\u00edtica de privacidad y la pol\u00edtica de cookies publicadas en este sitio. Para cualquier consulta o contacto, las personas usuarias podr\u00e1n dirigirse a VentuRural a trav\u00e9s de este correo electr\u00f3nico aquiles@phtz.com y\/o a trav\u00e9s del tel\u00e9fono 629 255 900.<\/p>","protected":false},"excerpt":{"rendered":"<p>El titular de este sitio web www.venturural.phtz.com y prestador de servicios de la sociedad de la informaci\u00f3n es la entidad [&hellip;]<\/p>\n","protected":false},"author":1,"featured_media":0,"parent":0,"menu_order":0,"comment_status":"closed","ping_status":"closed","template":"","meta":{"site-sidebar-layout":"default","site-content-layout":"","ast-site-content-layout":"","site-content-style":"default","site-sidebar-style":"default","ast-global-header-display":"","ast-banner-title-visibility":"","ast-main-header-display":"","ast-hfb-above-header-display":"","ast-hfb-below-header-display":"","ast-hfb-mobile-header-display":"","site-post-title":"","ast-breadcrumbs-content":"","ast-featured-img":"","footer-sml-layout":"","theme-transparent-header-meta":"","adv-header-id-meta":"","stick-header-meta":"","header-above-stick-meta":"","header-main-stick-meta":"","header-below-stick-meta":"","astra-migrate-meta-layouts":"default","ast-page-background-enabled":"default","ast-page-background-meta":{"desktop":{"background-color":"var(--ast-global-color-4)","background-image":"","background-repeat":"repeat","background-position":"center center","background-size":"auto","background-attachment":"scroll","background-type":"","background-media":"","overlay-type":"","overlay-color":"","overlay-opacity":"","overlay-gradient":""},"tablet":{"background-color":"","background-image":"","background-repeat":"repeat","background-position":"center center","background-size":"auto","background-attachment":"scroll","background-type":"","background-media":"","overlay-type":"","overlay-color":"","overlay-opacity":"","overlay-gradient":""},"mobile":{"background-color":"","background-image":"","background-repeat":"repeat","background-position":"center center","background-size":"auto","background-attachment":"scroll","background-type":"","background-media":"","overlay-type":"","overlay-color":"","overlay-opacity":"","overlay-gradient":""}},"ast-content-background-meta":{"desktop":{"background-color":"var(--ast-global-color-5)","background-image":"","background-repeat":"repeat","background-position":"center center","background-size":"auto","background-attachment":"scroll","background-type":"","background-media":"","overlay-type":"","overlay-color":"","overlay-opacity":"","overlay-gradient":""},"tablet":{"background-color":"var(--ast-global-color-5)","background-image":"","background-repeat":"repeat","background-position":"center center","background-size":"auto","background-attachment":"scroll","background-type":"","background-media":"","overlay-type":"","overlay-color":"","overlay-opacity":"","overlay-gradient":""},"mobile":{"background-color":"var(--ast-global-color-5)","background-image":"","background-repeat":"repeat","background-position":"center center","background-size":"auto","background-attachment":"scroll","background-type":"","background-media":"","overlay-type":"","overlay-color":"","overlay-opacity":"","overlay-gradient":""}},"footnotes":""},"class_list":["post-1217","page","type-page","status-publish","hentry"],"jetpack_sharing_enabled":true,"_links":{"self":[{"href":"https:\/\/venturural.phtz.com\/index.php?rest_route=\/wp\/v2\/pages\/1217","targetHints":{"allow":["GET"]}}],"collection":[{"href":"https:\/\/venturural.phtz.com\/index.php?rest_route=\/wp\/v2\/pages"}],"about":[{"href":"https:\/\/venturural.phtz.com\/index.php?rest_route=\/wp\/v2\/types\/page"}],"author":[{"embeddable":true,"href":"https:\/\/venturural.phtz.com\/index.php?rest_route=\/wp\/v2\/users\/1"}],"replies":[{"embeddable":true,"href":"https:\/\/venturural.phtz.com\/index.php?rest_route=%2Fwp%2Fv2%2Fcomments&post=1217"}],"version-history":[{"count":6,"href":"https:\/\/venturural.phtz.com\/index.php?rest_route=\/wp\/v2\/pages\/1217\/revisions"}],"predecessor-version":[{"id":1250,"href":"https:\/\/venturural.phtz.com\/index.php?rest_route=\/wp\/v2\/pages\/1217\/revisions\/1250"}],"wp:attachment":[{"href":"https:\/\/venturural.phtz.com\/index.php?rest_route=%2Fwp%2Fv2%2Fmedia&parent=1217"}],"curies":[{"name":"wp","href":"https:\/\/api.w.org\/{rel}","templated":true}]}}