{"id":1600,"date":"2025-06-05T14:55:56","date_gmt":"2025-06-05T14:55:56","guid":{"rendered":"https:\/\/venturural.phtz.com\/?page_id=1600"},"modified":"2025-06-08T09:10:31","modified_gmt":"2025-06-08T09:10:31","slug":"deposito-de-garantia","status":"publish","type":"page","link":"https:\/\/venturural.phtz.com\/?page_id=1600","title":{"rendered":"DEP\u00d3SITO DE GARANTIA"},"content":{"rendered":"<p class=\"has-text-align-center\">Debido al reiterado incumplimiento de las normas de funcionamiento, por parte de algunos hu\u00e9spedes, la direcci\u00f3n de VentuRural se ha visto obligada <strong>a exigir la<\/strong> <strong>constituci\u00f3n de un dep\u00f3sito de 300 \u20ac,<\/strong> en garant\u00eda de su cumplimiento.<\/p><p class=\"has-text-align-center\">&nbsp;Somos conscientes de que esta medida pueda resultar innecesaria en algunos casos, pero la falta de responsabilidad de algunos hu\u00e9spedes nos hace tomar esta medida de forma <strong>generalizada.<\/strong><\/p><h1 class=\"wp-block-heading has-text-align-center has-large-font-size\">El dep\u00f3sito debe formalizarse antes de <strong>entrar por primera<\/strong> vez en la vivienda, mediante BIZUM al n\u00famero 629 255 900<\/h1><h1 class=\"wp-block-heading has-text-align-center has-vivid-red-color has-text-color has-link-color has-large-font-size wp-elements-a8ec0a47e4c53becb996c2bb2c8c40b6\" style=\"padding-top:var(--wp--preset--spacing--20);padding-bottom:var(--wp--preset--spacing--20)\">DEVOLUCI\u00d3N DEL DEP\u00d3SITO<\/h1><p class=\"has-text-align-center\">Dentro de los 8 d\u00edas naturales a contar desde el d\u00eda siguiente al de salida de la vivienda se reintegrar\u00e1 el dep\u00f3sito mediante BIZUN con las siguientes condiciones:<\/p><h1 class=\"wp-block-heading has-text-align-center has-ast-global-color-1-color has-text-color has-link-color wp-elements-ec85d9f85bdf7bb6878d6543b31753e2\"><strong>INTERIOR DE LA CASA&nbsp;&nbsp;<\/strong><\/h1><p>En caso de incumplir alguna de las normas establecidas para el interior de la vivienda se retendr\u00e1n 100\u20ac del importe del dep\u00f3sito.<\/p><h1 class=\"wp-block-heading has-text-align-center has-ast-global-color-1-color has-text-color has-link-color wp-elements-0c65c417920568acb36c02347b1adc1e\"><strong>EXTERIOR DE LA VIVIENDA<\/strong><\/h1><p>En caso de incumplir alguna de las normas establecidas tanto para la conservacion de la Barbacoa, los porches o la piscina se retendr\u00e1n 100\u20ac del importe del dep\u00f3sito.<\/p><h1 class=\"wp-block-heading has-text-align-center has-ast-global-color-0-color has-text-color has-link-color wp-elements-adce479d2c708a11b83459ce59ffba7d\"><strong>RECICLADO DE BASURAS<\/strong><\/h1><p>Todas las basuras deben ser recicladas y depositadas en los contenedores habilitados para ello de acuerdo con las indicaciones expuestas. Su incumplimiento originar\u00e1 el descuento de 100 \u20ac del importe de dep\u00f3sito.<\/p><p class=\"has-text-align-center has-vivid-red-color has-text-color has-link-color has-medium-font-size wp-elements-1b4e65d55c3b60496c2c65e8f5fad85c\"><strong>LA DIRECCI\u00d3N LES AGRADECE SU COMPRENSI\u00d3N Y LES DESEA UNA FELIZ ESTANCIA.<\/strong><\/p><p class=\"has-text-align-center has-vivid-red-color has-text-color has-link-color has-medium-font-size wp-elements-a3195341d62445372d27bc8b1a8d1fe0\">                                                                LOS DESCUENTOS APLICADOS SON ACUMULATIVOS<\/p>","protected":false},"excerpt":{"rendered":"<p>Debido al reiterado incumplimiento de las normas de funcionamiento, por parte de algunos hu\u00e9spedes, la direcci\u00f3n de VentuRural se ha [&hellip;]<\/p>\n","protected":false},"author":1,"featured_media":0,"parent":0,"menu_order":0,"comment_status":"closed","ping_status":"closed","template":"","meta":{"site-sidebar-layout":"default","site-content-layout":"","ast-site-content-layout":"","site-content-style":"default","site-sidebar-style":"default","ast-global-header-display":"","ast-banner-title-visibility":"","ast-main-header-display":"","ast-hfb-above-header-display":"","ast-hfb-below-header-display":"","ast-hfb-mobile-header-display":"","site-post-title":"","ast-breadcrumbs-content":"","ast-featured-img":"","footer-sml-layout":"","theme-transparent-header-meta":"","adv-header-id-meta":"","stick-header-meta":"","header-above-stick-meta":"","header-main-stick-meta":"","header-below-stick-meta":"","astra-migrate-meta-layouts":"default","ast-page-background-enabled":"default","ast-page-background-meta":{"desktop":{"background-color":"var(--ast-global-color-4)","background-image":"","background-repeat":"repeat","background-position":"center center","background-size":"auto","background-attachment":"scroll","background-type":"","background-media":"","overlay-type":"","overlay-color":"","overlay-opacity":"","overlay-gradient":""},"tablet":{"background-color":"","background-image":"","background-repeat":"repeat","background-position":"center center","background-size":"auto","background-attachment":"scroll","background-type":"","background-media":"","overlay-type":"","overlay-color":"","overlay-opacity":"","overlay-gradient":""},"mobile":{"background-color":"","background-image":"","background-repeat":"repeat","background-position":"center center","background-size":"auto","background-attachment":"scroll","background-type":"","background-media":"","overlay-type":"","overlay-color":"","overlay-opacity":"","overlay-gradient":""}},"ast-content-background-meta":{"desktop":{"background-color":"var(--ast-global-color-5)","background-image":"","background-repeat":"repeat","background-position":"center center","background-size":"auto","background-attachment":"scroll","background-type":"","background-media":"","overlay-type":"","overlay-color":"","overlay-opacity":"","overlay-gradient":""},"tablet":{"background-color":"var(--ast-global-color-5)","background-image":"","background-repeat":"repeat","background-position":"center center","background-size":"auto","background-attachment":"scroll","background-type":"","background-media":"","overlay-type":"","overlay-color":"","overlay-opacity":"","overlay-gradient":""},"mobile":{"background-color":"var(--ast-global-color-5)","background-image":"","background-repeat":"repeat","background-position":"center center","background-size":"auto","background-attachment":"scroll","background-type":"","background-media":"","overlay-type":"","overlay-color":"","overlay-opacity":"","overlay-gradient":""}},"footnotes":""},"class_list":["post-1600","page","type-page","status-publish","hentry"],"jetpack_sharing_enabled":true,"_links":{"self":[{"href":"https:\/\/venturural.phtz.com\/index.php?rest_route=\/wp\/v2\/pages\/1600","targetHints":{"allow":["GET"]}}],"collection":[{"href":"https:\/\/venturural.phtz.com\/index.php?rest_route=\/wp\/v2\/pages"}],"about":[{"href":"https:\/\/venturural.phtz.com\/index.php?rest_route=\/wp\/v2\/types\/page"}],"author":[{"embeddable":true,"href":"https:\/\/venturural.phtz.com\/index.php?rest_route=\/wp\/v2\/users\/1"}],"replies":[{"embeddable":true,"href":"https:\/\/venturural.phtz.com\/index.php?rest_route=%2Fwp%2Fv2%2Fcomments&post=1600"}],"version-history":[{"count":5,"href":"https:\/\/venturural.phtz.com\/index.php?rest_route=\/wp\/v2\/pages\/1600\/revisions"}],"predecessor-version":[{"id":1742,"href":"https:\/\/venturural.phtz.com\/index.php?rest_route=\/wp\/v2\/pages\/1600\/revisions\/1742"}],"wp:attachment":[{"href":"https:\/\/venturural.phtz.com\/index.php?rest_route=%2Fwp%2Fv2%2Fmedia&parent=1600"}],"curies":[{"name":"wp","href":"https:\/\/api.w.org\/{rel}","templated":true}]}}